{"version":"1.0","type":"rich","width":"560px","height":"140px","title":"Podcasts zu Anne Frank - ","url":"https:\/\/www.grosse-schule.de\/podcasts-zu-anne-frank-judenverfolgung\/","author_name":"Podcasts der Gro\u00dfen Schule - Podcasts von Sch\u00fclerInnen der Gro\u00dfen Schule","author_url":"https:\/\/www.grosse-schule.de","thumbnail_url":"https:\/\/i0.wp.com\/www.grosse-schule.de\/wp-content\/uploads\/20221013165422Anne_Frank_lacht_naar_de_schoolfotograaf.jpg?fit=1637%2C1129&ssl=1","html":"<iframe width=\"560px\" height=\"140px\" src=\"https:\/\/www.grosse-schule.de\/podcasts-zu-anne-frank-judenverfolgung\/?standalonePlayer\"><\/iframe>"}

Podcasts der Großen Schule - Podcasts von SchülerInnen der Großen Schule
